{"id":1236,"date":"2019-09-23T18:27:12","date_gmt":"2019-09-23T16:27:12","guid":{"rendered":"https:\/\/lacherstall.de\/cms\/?page_id=1236"},"modified":"2023-10-06T13:15:18","modified_gmt":"2023-10-06T11:15:18","slug":"spanferkel-essen","status":"publish","type":"page","link":"https:\/\/lacherstall.de\/cms\/spanferkel-essen\/","title":{"rendered":"Spanferkel Essen vom Grill"},"content":{"rendered":"<div id=\"pl-1236\"  class=\"panel-layout\" ><div id=\"pg-1236-0\"  class=\"panel-grid panel-has-style\" ><div class=\"panel-row-style panel-row-style-for-1236-0\" ><div id=\"pgc-1236-0-0\"  class=\"panel-grid-cell\" ><div id=\"panel-1236-0-0-0\" class=\"so-panel widget widget_kadence_about_with_image kadence_about_with_image panel-first-child panel-last-child\" data-index=\"0\" ><div class=\"kt-pb-animation kt-pb-fadeInUp kt-pb-duration-900 kt-pb-delay-none panel-widget-style panel-widget-style-for-1236-0-0-0\" ><div class=\"kad_img_upload_widget kt-shape-type-kt-image-shape-hexagon kt-image-align-center kt-image-widget-widget-0-0-0\"><div style=\"max-width:px; margin:0 auto\"><div class=\"kt-image-contain kt-image-shadow-none kt-image-shape-hexagon\"><div class=\"kt-image-inner-contain\"><img width=\"624\" height=\"624\" src=\"https:\/\/lacherstall.de\/cms\/wp-content\/uploads\/2019\/09\/roast-suckling-pig-2480295_1920-624.png\" class=\"attachment-full size-full\" alt=\"\" loading=\"lazy\" srcset=\"https:\/\/lacherstall.de\/cms\/wp-content\/uploads\/2019\/09\/roast-suckling-pig-2480295_1920-624.png 624w, https:\/\/lacherstall.de\/cms\/wp-content\/uploads\/2019\/09\/roast-suckling-pig-2480295_1920-624-150x150.png 150w, https:\/\/lacherstall.de\/cms\/wp-content\/uploads\/2019\/09\/roast-suckling-pig-2480295_1920-624-300x300.png 300w, https:\/\/lacherstall.de\/cms\/wp-content\/uploads\/2019\/09\/roast-suckling-pig-2480295_1920-624-600x600.png 600w, https:\/\/lacherstall.de\/cms\/wp-content\/uploads\/2019\/09\/roast-suckling-pig-2480295_1920-624-100x100.png 100w\" sizes=\"(max-width: 624px) 100vw, 624px\" \/><\/div><\/div><\/div><\/div><\/div><\/div><\/div><div id=\"pgc-1236-0-1\"  class=\"panel-grid-cell\" ><div id=\"panel-1236-0-1-0\" class=\"so-panel widget widget_black-studio-tinymce widget_black_studio_tinymce panel-first-child panel-last-child\" data-index=\"1\" ><div class=\"kt-pb-animation kt-pb-fadeInUp kt-pb-duration-900 kt-pb-delay-300 panel-widget-style panel-widget-style-for-1236-0-1-0\" ><h3 class=\"widget-title\">Spanferkel Essen im Lacher Stall<\/h3><div class=\"textwidget\"><div class=\"kad-spacer clearfix\" style=\"height:20px\"><\/div>\n<h3>Das Spanferkel Essen mit Sauerkraut und Kartoffelp\u00fcree<\/h3>\n<h3>am Samstag, dem 21.Oktober 2023 ab 18:00 Uhr ist leider ausgebucht!<\/h3>\n<p>Am Samstag, dem 21. Oktober 2023 startet unser Oktoberfest am Lacher Stall.<\/p>\n<p>Es gibt Spanferkel vom Grill mit Sauerkraut und Kartoffelp\u00fcree,<br \/>\nWeisswurst und Original Oktoberfestbier!!!<\/p>\n<p>Wir freuen uns auf Sie!<\/p>\n<p>Bitte melden Sie sich rechtzeitig an und reservieren Sie sich einen Platz unter der Rufnummer 02638\/ 94190<\/p>\n<p>&nbsp;<\/p>\n<p>&nbsp;<\/p>\n<div class=\"kad-spacer clearfix\" style=\"height:20px\"><\/div>\n<p>Wir bieten das Spanferkel Essen in unregelm\u00e4\u00dfigen Abst\u00e4nden an.<br \/>\nBitte informieren Sie sich \u00fcber unseren <a href=\"https:\/\/lacherstall.de\/cms\/newsletter\/\">Newsletter.<\/a><\/p>\n<p><strong>\u00a0<\/strong><\/p>\n<\/div><\/div><\/div><\/div><\/div><\/div><div id=\"pg-1236-1\"  class=\"panel-grid panel-has-style\" ><div class=\"panel-row-style panel-row-style-for-1236-1\" ><div id=\"pgc-1236-1-0\"  class=\"panel-grid-cell\" ><div id=\"panel-1236-1-0-0\" class=\"so-panel widget widget_black-studio-tinymce widget_black_studio_tinymce panel-first-child panel-last-child\" data-index=\"2\" ><div class=\"kt-pb-animation kt-pb-fadeInUp kt-pb-duration-900 kt-pb-delay-300 panel-widget-style panel-widget-style-for-1236-1-0-0\" ><h3 class=\"widget-title\">Spanferkel Essen satt am Grill!!!<\/h3><div class=\"textwidget\"><div class=\"kad-spacer clearfix\" style=\"height:20px\"><\/div>\n<p>Die Spanferkel werden im Ganzen gebraten und kommen knusprig und hei\u00df vom Grill direkt auf Ihren Teller. Dazu reichen wir Sauerkraut und Kartoffelp\u00fcree.<\/p>\n<p>&nbsp;<\/p>\n<\/div><\/div><\/div><\/div><div id=\"pgc-1236-1-1\"  class=\"panel-grid-cell\" ><div id=\"panel-1236-1-1-0\" class=\"so-panel widget widget_kadence_about_with_image kadence_about_with_image panel-first-child panel-last-child\" data-index=\"3\" ><div class=\"kt-pb-animation kt-pb-fadeInUp kt-pb-duration-900 kt-pb-delay-none panel-widget-style panel-widget-style-for-1236-1-1-0\" ><div class=\"kad_img_upload_widget kt-shape-type-kt-image-shape-hexagon kt-image-align-center kt-image-widget-widget-1-1-0\"><div style=\"max-width:px; margin:0 auto\"><div class=\"kt-image-contain kt-image-shadow-none kt-image-shape-hexagon\"><div class=\"kt-image-inner-contain\"><img width=\"1086\" height=\"1086\" src=\"https:\/\/lacherstall.de\/cms\/wp-content\/uploads\/2019\/09\/crust-roast-852042_1920.jpg\" class=\"attachment-full size-full\" alt=\"\" loading=\"lazy\" srcset=\"https:\/\/lacherstall.de\/cms\/wp-content\/uploads\/2019\/09\/crust-roast-852042_1920.jpg 1086w, https:\/\/lacherstall.de\/cms\/wp-content\/uploads\/2019\/09\/crust-roast-852042_1920-150x150.jpg 150w, https:\/\/lacherstall.de\/cms\/wp-content\/uploads\/2019\/09\/crust-roast-852042_1920-300x300.jpg 300w, https:\/\/lacherstall.de\/cms\/wp-content\/uploads\/2019\/09\/crust-roast-852042_1920-768x768.jpg 768w, https:\/\/lacherstall.de\/cms\/wp-content\/uploads\/2019\/09\/crust-roast-852042_1920-1024x1024.jpg 1024w, https:\/\/lacherstall.de\/cms\/wp-content\/uploads\/2019\/09\/crust-roast-852042_1920-600x600.jpg 600w, https:\/\/lacherstall.de\/cms\/wp-content\/uploads\/2019\/09\/crust-roast-852042_1920-100x100.jpg 100w\" sizes=\"(max-width: 1086px) 100vw, 1086px\" \/><\/div><\/div><\/div><\/div><\/div><\/div><\/div><\/div><\/div><div id=\"pg-1236-2\"  class=\"panel-grid panel-has-style\" ><div class=\"panel-row-style panel-row-style-for-1236-2\" ><div id=\"pgc-1236-2-0\"  class=\"panel-grid-cell\" ><div id=\"panel-1236-2-0-0\" class=\"so-panel widget widget_kadence_about_with_image kadence_about_with_image panel-first-child panel-last-child\" data-index=\"4\" ><div class=\"kt-pb-animation kt-pb-fadeInUp kt-pb-duration-900 kt-pb-delay-none panel-widget-style panel-widget-style-for-1236-2-0-0\" ><div class=\"kad_img_upload_widget kt-shape-type-kt-image-shape-hexagon kt-image-align-center kt-image-widget-widget-2-0-0\"><div style=\"max-width:px; margin:0 auto\"><div class=\"kt-image-contain kt-image-shadow-none kt-image-shape-hexagon\"><div class=\"kt-image-inner-contain\"><img width=\"1440\" height=\"1080\" src=\"https:\/\/lacherstall.de\/cms\/wp-content\/uploads\/2019\/09\/DSCF9243-1920.jpeg\" class=\"attachment-full size-full\" alt=\"\" loading=\"lazy\" srcset=\"https:\/\/lacherstall.de\/cms\/wp-content\/uploads\/2019\/09\/DSCF9243-1920.jpeg 1440w, https:\/\/lacherstall.de\/cms\/wp-content\/uploads\/2019\/09\/DSCF9243-1920-300x225.jpeg 300w, https:\/\/lacherstall.de\/cms\/wp-content\/uploads\/2019\/09\/DSCF9243-1920-768x576.jpeg 768w, https:\/\/lacherstall.de\/cms\/wp-content\/uploads\/2019\/09\/DSCF9243-1920-1024x768.jpeg 1024w, https:\/\/lacherstall.de\/cms\/wp-content\/uploads\/2019\/09\/DSCF9243-1920-600x450.jpeg 600w\" sizes=\"(max-width: 1440px) 100vw, 1440px\" \/><\/div><\/div><\/div><\/div><\/div><\/div><\/div><div id=\"pgc-1236-2-1\"  class=\"panel-grid-cell\" ><div id=\"panel-1236-2-1-0\" class=\"so-panel widget widget_black-studio-tinymce widget_black_studio_tinymce panel-first-child panel-last-child\" data-index=\"5\" ><div class=\"kt-pb-animation kt-pb-fadeInUp kt-pb-duration-900 kt-pb-delay-300 panel-widget-style panel-widget-style-for-1236-2-1-0\" ><div class=\"textwidget\"><h3><\/h3>\n<div class=\"kad-spacer clearfix\" style=\"height:20px\"><\/div>\n<p>L\u00e4uft Ihnen schon das Wasser im Munde zusammen? Dann feiern Sie mit uns und genie\u00dfen Sie die rustikale Atmosph\u00e4re im Lacher Stall.<\/p>\n<p>Damit Sie auch ein sch\u00f6nes St\u00fcck Spanferkel abbekommen, bitten wir um eine verbindliche Anmeldung.<br \/>\nUnser diesj\u00e4hriges Spanferkel Essen ist leider bereits ausgebucht.<\/p>\n<p>Entweder unten per Kontaktformular oder telefonisch unter 02638 94190<\/p>\n<p>&nbsp;<\/p>\n<p><a href=\"#\" name=\"anmeldung\">\u00a0<\/a><\/p>\n<\/div><\/div><\/div><\/div><\/div><\/div><div id=\"pg-1236-3\"  class=\"panel-grid panel-has-style\" ><div class=\"panel-row-style panel-row-style-for-1236-3\" ><div id=\"pgc-1236-3-0\"  class=\"panel-grid-cell\" ><div id=\"panel-1236-3-0-0\" class=\"so-panel widget widget_black-studio-tinymce widget_black_studio_tinymce panel-first-child panel-last-child\" data-index=\"6\" ><div class=\"kt-pb-animation kt-pb-fadeInUp kt-pb-duration-900 kt-pb-delay-300 panel-widget-style panel-widget-style-for-1236-3-0-0\" ><div class=\"textwidget\"><div role=\"form\" class=\"wpcf7\" id=\"wpcf7-f1264-o1\" lang=\"de-DE\" dir=\"ltr\">\n<div class=\"screen-reader-response\"><p role=\"status\" aria-live=\"polite\" aria-atomic=\"true\"><\/p> <ul><\/ul><\/div>\n<form action=\"\/cms\/wp-json\/wp\/v2\/pages\/1236#wpcf7-f1264-o1\" method=\"post\" class=\"wpcf7-form init cf7-style\" novalidate=\"novalidate\" data-status=\"init\">\n<div style=\"display: none;\">\n<input type=\"hidden\" name=\"_wpcf7\" value=\"1264\" \/>\n<input type=\"hidden\" name=\"_wpcf7_version\" value=\"5.4.2\" \/>\n<input type=\"hidden\" name=\"_wpcf7_locale\" value=\"de_DE\" \/>\n<input type=\"hidden\" name=\"_wpcf7_unit_tag\" value=\"wpcf7-f1264-o1\" \/>\n<input type=\"hidden\" name=\"_wpcf7_container_post\" value=\"0\" \/>\n<input type=\"hidden\" name=\"_wpcf7_posted_data_hash\" value=\"\" \/>\n<\/div>\n<p><span id=\"wpcf7-69f25178b1561-wrapper\" class=\"wpcf7-form-control-wrap website-wrap\" style=\"display:none !important; visibility:hidden !important;\"><label for=\"wpcf7-69f25178b1561-field\" class=\"hp-message\">Bitte lasse dieses Feld leer.<\/label><input id=\"wpcf7-69f25178b1561-field\"  class=\"wpcf7-form-control wpcf7-text\" type=\"text\" name=\"website\" value=\"\" size=\"40\" tabindex=\"-1\" autocomplete=\"new-password\" \/><\/span><\/p>\n<p><label> Ihr Name<br \/>\n    <span class=\"wpcf7-form-control-wrap your-name\"><input type=\"text\" name=\"your-name\" value=\"\" size=\"40\" class=\"wpcf7-form-control wpcf7-text\" aria-invalid=\"false\" \/><\/span> <\/label><\/p>\n<p><label> Telefonnummer (bevorzugt eine mobile Nummer)<br \/>\n    <span class=\"wpcf7-form-control-wrap telefon\"><input type=\"text\" name=\"telefon\" value=\"\" size=\"40\" class=\"wpcf7-form-control wpcf7-text\" aria-invalid=\"false\" \/><\/span> <\/label><\/p>\n<p><label> Ihre E-Mail (Pflichtfeld)<br \/>\n    <span class=\"wpcf7-form-control-wrap your-email\"><input type=\"email\" name=\"your-email\" value=\"\" size=\"40\" class=\"wpcf7-form-control wpcf7-text wpcf7-email wpcf7-validates-as-required wpcf7-validates-as-email\" aria-required=\"true\" aria-invalid=\"false\" \/><\/span> <\/label><\/p>\n<p><label> Mit wie vielen Personen m\u00f6chten Sie kommen?<br \/>\n    <span class=\"wpcf7-form-control-wrap Personenanzahl\"><input type=\"text\" name=\"Personenanzahl\" value=\"\" size=\"40\" class=\"wpcf7-form-control wpcf7-text\" aria-invalid=\"false\" \/><\/span> <\/label><\/p>\n<p>Wo m\u00f6chten Sie sitzen?<br \/>\n<span class=\"wpcf7-form-control-wrap checkbox-996\"><span class=\"wpcf7-form-control wpcf7-checkbox\"><span class=\"wpcf7-list-item first\"><input type=\"checkbox\" name=\"checkbox-996[]\" value=\"Im Biergarten\" \/><span class=\"wpcf7-list-item-label\">Im Biergarten<\/span><\/span><span class=\"wpcf7-list-item\"><input type=\"checkbox\" name=\"checkbox-996[]\" value=\"Um den Au\u00dfengrill herum im Biergarten (Max 8 Personen)\" \/><span class=\"wpcf7-list-item-label\">Um den Au\u00dfengrill herum im Biergarten (Max 8 Personen)<\/span><\/span><span class=\"wpcf7-list-item\"><input type=\"checkbox\" name=\"checkbox-996[]\" value=\"Im Wintergarten\" \/><span class=\"wpcf7-list-item-label\">Im Wintergarten<\/span><\/span><span class=\"wpcf7-list-item\"><input type=\"checkbox\" name=\"checkbox-996[]\" value=\"Im Kaminzimmer\" \/><span class=\"wpcf7-list-item-label\">Im Kaminzimmer<\/span><\/span><span class=\"wpcf7-list-item last\"><input type=\"checkbox\" name=\"checkbox-996[]\" value=\"Im Kaminzimmer am runden Tisch (Max 8 Personen)\" \/><span class=\"wpcf7-list-item-label\">Im Kaminzimmer am runden Tisch (Max 8 Personen)<\/span><\/span><\/span><\/span><\/p>\n<p><label> M\u00f6chten Sie uns noch etwas mitteilen?<br \/>\n    <span class=\"wpcf7-form-control-wrap your-message\"><textarea name=\"your-message\" cols=\"40\" rows=\"10\" class=\"wpcf7-form-control wpcf7-textarea\" aria-invalid=\"false\"><\/textarea><\/span> <\/label><\/p>\n<p><span class=\"wpcf7-form-control-wrap acceptance-769\"><span class=\"wpcf7-form-control wpcf7-acceptance\"><span class=\"wpcf7-list-item\"><label><input type=\"checkbox\" name=\"acceptance-769\" value=\"1\" aria-invalid=\"false\" \/><span class=\"wpcf7-list-item-label\"><em>Ich habe die&nbsp;<u><a href=\"https:\/\/lacherstall.de\/cms\/datenschutzerklaerung\/\" target=\"_blank\">Datenschutzerkl\u00e4rung<\/a><\/u>&nbsp;zur Kenntnis  genommen. Ich stimme zu, dass meine Angaben und Daten zur Beantwortung meiner  Anfrage elektronisch erhoben und gespeichert werden.<\/em> <em>&nbsp;Hinweis: Sie k\u00f6nnen Ihre Einwilligung jederzeit f\u00fcr die  Zukunft per E-Mail an&nbsp;<\/em><em><a href=\"mailto:info@lacherstall.de \">info@lacherstall.de<\/a><\/em>&nbsp;<em>widerrufen.<\/em><\/span><\/label><\/span><\/span><\/span><\/p>\n<p><input type=\"submit\" value=\"Senden\" class=\"wpcf7-form-control wpcf7-submit\" \/><\/p>\n<input type='hidden' class='wpcf7-pum' value='{\"closepopup\":false,\"closedelay\":0,\"openpopup\":false,\"openpopup_id\":0}' \/><div class=\"wpcf7-response-output\" aria-hidden=\"true\"><\/div><\/form><\/div>\n<\/div><\/div><\/div><\/div><div id=\"pgc-1236-3-1\"  class=\"panel-grid-cell\" ><div id=\"panel-1236-3-1-0\" class=\"so-panel widget widget_media_image panel-first-child panel-last-child\" data-index=\"7\" ><img width=\"214\" height=\"300\" src=\"https:\/\/lacherstall.de\/cms\/wp-content\/uploads\/2023\/09\/WhatsApp-Image-2023-09-21-at-12.35.47-214x300.jpeg\" class=\"image wp-image-9022  attachment-medium size-medium\" alt=\"\" loading=\"lazy\" style=\"max-width: 100%; height: auto;\" srcset=\"https:\/\/lacherstall.de\/cms\/wp-content\/uploads\/2023\/09\/WhatsApp-Image-2023-09-21-at-12.35.47-214x300.jpeg 214w, https:\/\/lacherstall.de\/cms\/wp-content\/uploads\/2023\/09\/WhatsApp-Image-2023-09-21-at-12.35.47-731x1024.jpeg 731w, https:\/\/lacherstall.de\/cms\/wp-content\/uploads\/2023\/09\/WhatsApp-Image-2023-09-21-at-12.35.47-768x1077.jpeg 768w, https:\/\/lacherstall.de\/cms\/wp-content\/uploads\/2023\/09\/WhatsApp-Image-2023-09-21-at-12.35.47.jpeg 921w\" sizes=\"(max-width: 214px) 100vw, 214px\" \/><\/div><\/div><\/div><\/div><div id=\"pg-1236-4\"  class=\"panel-grid panel-no-style\" ><div id=\"pgc-1236-4-0\"  class=\"panel-grid-cell panel-grid-cell-empty\" ><\/div><\/div><\/div><span class=\"kt-load-after-post\"><\/span>","protected":false},"excerpt":{"rendered":"<p>Das Spanferkel Essen mit Sauerkraut und Kartoffelp\u00fcree am Samstag, dem 21.Oktober 2023 ab 18:00 Uhr ist leider ausgebucht! Am Samstag, dem 21. Oktober 2023 startet unser Oktoberfest am Lacher Stall. Es gibt Spanferkel vom Grill mit Sauerkraut und Kartoffelp\u00fcree, Weisswurst &hellip; <a class=\"kt-excerpt-readmore more-link\" href=\"https:\/\/lacherstall.de\/cms\/spanferkel-essen\/\" aria-label=\"Spanferkel Essen vom Grill\">Read More<\/a><\/p>\n","protected":false},"author":1,"featured_media":0,"parent":0,"menu_order":0,"comment_status":"closed","ping_status":"closed","template":"","meta":[],"yoast_head":"<!-- This site is optimized with the Yoast SEO plugin v16.8 - https:\/\/yoast.com\/wordpress\/plugins\/seo\/ -->\n<title>Spanferkel Essen vom Grill - Lacher Stall \/ Ro\u00dfbach Wied<\/title>\n<meta name=\"robots\" content=\"index, follow, max-snippet:-1, max-image-preview:large, max-video-preview:-1\" \/>\n<link rel=\"canonical\" href=\"https:\/\/lacherstall.de\/cms\/spanferkel-essen\/\" \/>\n<meta property=\"og:locale\" content=\"de_DE\" \/>\n<meta property=\"og:type\" content=\"article\" \/>\n<meta property=\"og:title\" content=\"Spanferkel Essen vom Grill - Lacher Stall \/ Ro\u00dfbach Wied\" \/>\n<meta property=\"og:description\" content=\"Das Spanferkel Essen mit Sauerkraut und Kartoffelp\u00fcree am Samstag, dem 21.Oktober 2023 ab 18:00 Uhr ist leider ausgebucht! Am Samstag, dem 21. Oktober 2023 startet unser Oktoberfest am Lacher Stall. Es gibt Spanferkel vom Grill mit Sauerkraut und Kartoffelp\u00fcree, Weisswurst &hellip; Read More\" \/>\n<meta property=\"og:url\" content=\"https:\/\/lacherstall.de\/cms\/spanferkel-essen\/\" \/>\n<meta property=\"og:site_name\" content=\"Lacher Stall \/ Ro\u00dfbach Wied\" \/>\n<meta property=\"article:modified_time\" content=\"2023-10-06T11:15:18+00:00\" \/>\n<meta name=\"twitter:card\" content=\"summary_large_image\" \/>\n<meta name=\"twitter:label1\" content=\"Gesch\u00e4tzte Lesezeit\" \/>\n\t<meta name=\"twitter:data1\" content=\"2\u00a0Minuten\" \/>\n<script type=\"application\/ld+json\" class=\"yoast-schema-graph\">{\"@context\":\"https:\/\/schema.org\",\"@graph\":[{\"@type\":\"Organization\",\"@id\":\"https:\/\/lacherstall.de\/cms\/#organization\",\"name\":\"Lacher Stall Ro\\u00dfbach Wied\",\"url\":\"https:\/\/lacherstall.de\/cms\/\",\"sameAs\":[],\"logo\":{\"@type\":\"ImageObject\",\"@id\":\"https:\/\/lacherstall.de\/cms\/#logo\",\"inLanguage\":\"de\",\"url\":\"https:\/\/lacherstall.de\/cms\/wp-content\/uploads\/2019\/05\/logo_lacher-stall_oben-mitte.jpg\",\"contentUrl\":\"https:\/\/lacherstall.de\/cms\/wp-content\/uploads\/2019\/05\/logo_lacher-stall_oben-mitte.jpg\",\"width\":846,\"height\":445,\"caption\":\"Lacher Stall Ro\\u00dfbach Wied\"},\"image\":{\"@id\":\"https:\/\/lacherstall.de\/cms\/#logo\"}},{\"@type\":\"WebSite\",\"@id\":\"https:\/\/lacherstall.de\/cms\/#website\",\"url\":\"https:\/\/lacherstall.de\/cms\/\",\"name\":\"Lacher Stall \/ Ro\\u00dfbach Wied\",\"description\":\"Landgasthof\",\"publisher\":{\"@id\":\"https:\/\/lacherstall.de\/cms\/#organization\"},\"potentialAction\":[{\"@type\":\"SearchAction\",\"target\":{\"@type\":\"EntryPoint\",\"urlTemplate\":\"https:\/\/lacherstall.de\/cms\/?s={search_term_string}\"},\"query-input\":\"required name=search_term_string\"}],\"inLanguage\":\"de\"},{\"@type\":\"WebPage\",\"@id\":\"https:\/\/lacherstall.de\/cms\/spanferkel-essen\/#webpage\",\"url\":\"https:\/\/lacherstall.de\/cms\/spanferkel-essen\/\",\"name\":\"Spanferkel Essen vom Grill - Lacher Stall \/ Ro\\u00dfbach Wied\",\"isPartOf\":{\"@id\":\"https:\/\/lacherstall.de\/cms\/#website\"},\"datePublished\":\"2019-09-23T16:27:12+00:00\",\"dateModified\":\"2023-10-06T11:15:18+00:00\",\"breadcrumb\":{\"@id\":\"https:\/\/lacherstall.de\/cms\/spanferkel-essen\/#breadcrumb\"},\"inLanguage\":\"de\",\"potentialAction\":[{\"@type\":\"ReadAction\",\"target\":[\"https:\/\/lacherstall.de\/cms\/spanferkel-essen\/\"]}]},{\"@type\":\"BreadcrumbList\",\"@id\":\"https:\/\/lacherstall.de\/cms\/spanferkel-essen\/#breadcrumb\",\"itemListElement\":[{\"@type\":\"ListItem\",\"position\":1,\"name\":\"Startseite\",\"item\":\"https:\/\/lacherstall.de\/cms\/\"},{\"@type\":\"ListItem\",\"position\":2,\"name\":\"Spanferkel Essen vom Grill\"}]}]}<\/script>\n<!-- \/ Yoast SEO plugin. -->","yoast_head_json":{"title":"Spanferkel Essen vom Grill - Lacher Stall \/ Ro\u00dfbach Wied","robots":{"index":"index","follow":"follow","max-snippet":"max-snippet:-1","max-image-preview":"max-image-preview:large","max-video-preview":"max-video-preview:-1"},"canonical":"https:\/\/lacherstall.de\/cms\/spanferkel-essen\/","og_locale":"de_DE","og_type":"article","og_title":"Spanferkel Essen vom Grill - Lacher Stall \/ Ro\u00dfbach Wied","og_description":"Das Spanferkel Essen mit Sauerkraut und Kartoffelp\u00fcree am Samstag, dem 21.Oktober 2023 ab 18:00 Uhr ist leider ausgebucht! Am Samstag, dem 21. Oktober 2023 startet unser Oktoberfest am Lacher Stall. Es gibt Spanferkel vom Grill mit Sauerkraut und Kartoffelp\u00fcree, Weisswurst &hellip; Read More","og_url":"https:\/\/lacherstall.de\/cms\/spanferkel-essen\/","og_site_name":"Lacher Stall \/ Ro\u00dfbach Wied","article_modified_time":"2023-10-06T11:15:18+00:00","twitter_card":"summary_large_image","twitter_misc":{"Gesch\u00e4tzte Lesezeit":"2\u00a0Minuten"},"schema":{"@context":"https:\/\/schema.org","@graph":[{"@type":"Organization","@id":"https:\/\/lacherstall.de\/cms\/#organization","name":"Lacher Stall Ro\u00dfbach Wied","url":"https:\/\/lacherstall.de\/cms\/","sameAs":[],"logo":{"@type":"ImageObject","@id":"https:\/\/lacherstall.de\/cms\/#logo","inLanguage":"de","url":"https:\/\/lacherstall.de\/cms\/wp-content\/uploads\/2019\/05\/logo_lacher-stall_oben-mitte.jpg","contentUrl":"https:\/\/lacherstall.de\/cms\/wp-content\/uploads\/2019\/05\/logo_lacher-stall_oben-mitte.jpg","width":846,"height":445,"caption":"Lacher Stall Ro\u00dfbach Wied"},"image":{"@id":"https:\/\/lacherstall.de\/cms\/#logo"}},{"@type":"WebSite","@id":"https:\/\/lacherstall.de\/cms\/#website","url":"https:\/\/lacherstall.de\/cms\/","name":"Lacher Stall \/ Ro\u00dfbach Wied","description":"Landgasthof","publisher":{"@id":"https:\/\/lacherstall.de\/cms\/#organization"},"potentialAction":[{"@type":"SearchAction","target":{"@type":"EntryPoint","urlTemplate":"https:\/\/lacherstall.de\/cms\/?s={search_term_string}"},"query-input":"required name=search_term_string"}],"inLanguage":"de"},{"@type":"WebPage","@id":"https:\/\/lacherstall.de\/cms\/spanferkel-essen\/#webpage","url":"https:\/\/lacherstall.de\/cms\/spanferkel-essen\/","name":"Spanferkel Essen vom Grill - Lacher Stall \/ Ro\u00dfbach Wied","isPartOf":{"@id":"https:\/\/lacherstall.de\/cms\/#website"},"datePublished":"2019-09-23T16:27:12+00:00","dateModified":"2023-10-06T11:15:18+00:00","breadcrumb":{"@id":"https:\/\/lacherstall.de\/cms\/spanferkel-essen\/#breadcrumb"},"inLanguage":"de","potentialAction":[{"@type":"ReadAction","target":["https:\/\/lacherstall.de\/cms\/spanferkel-essen\/"]}]},{"@type":"BreadcrumbList","@id":"https:\/\/lacherstall.de\/cms\/spanferkel-essen\/#breadcrumb","itemListElement":[{"@type":"ListItem","position":1,"name":"Startseite","item":"https:\/\/lacherstall.de\/cms\/"},{"@type":"ListItem","position":2,"name":"Spanferkel Essen vom Grill"}]}]}},"_links":{"self":[{"href":"https:\/\/lacherstall.de\/cms\/wp-json\/wp\/v2\/pages\/1236"}],"collection":[{"href":"https:\/\/lacherstall.de\/cms\/wp-json\/wp\/v2\/pages"}],"about":[{"href":"https:\/\/lacherstall.de\/cms\/wp-json\/wp\/v2\/types\/page"}],"author":[{"embeddable":true,"href":"https:\/\/lacherstall.de\/cms\/wp-json\/wp\/v2\/users\/1"}],"replies":[{"embeddable":true,"href":"https:\/\/lacherstall.de\/cms\/wp-json\/wp\/v2\/comments?post=1236"}],"version-history":[{"count":97,"href":"https:\/\/lacherstall.de\/cms\/wp-json\/wp\/v2\/pages\/1236\/revisions"}],"predecessor-version":[{"id":9092,"href":"https:\/\/lacherstall.de\/cms\/wp-json\/wp\/v2\/pages\/1236\/revisions\/9092"}],"wp:attachment":[{"href":"https:\/\/lacherstall.de\/cms\/wp-json\/wp\/v2\/media?parent=1236"}],"curies":[{"name":"wp","href":"https:\/\/api.w.org\/{rel}","templated":true}]}}