{"id":2,"date":"2015-05-07T05:24:08","date_gmt":"2015-05-07T05:24:08","guid":{"rendered":"http:\/\/localhost\/wordpress\/?page_id=2"},"modified":"2026-04-24T13:59:53","modified_gmt":"2026-04-24T11:59:53","slug":"sample-page","status":"publish","type":"page","link":"https:\/\/lacherstall.de\/cms\/","title":{"rendered":"Landgasthof"},"content":{"rendered":"<div id=\"pl-2\"  class=\"panel-layout\" ><div id=\"pg-2-0\"  class=\"panel-grid panel-no-style\" ><div id=\"pgc-2-0-0\"  class=\"panel-grid-cell panel-grid-cell-empty\" ><\/div><\/div><div id=\"pg-2-1\"  class=\"panel-grid panel-no-style\" ><div id=\"pgc-2-1-0\"  class=\"panel-grid-cell panel-grid-cell-empty\" ><\/div><div id=\"pgc-2-1-1\"  class=\"panel-grid-cell panel-grid-cell-empty panel-grid-cell-mobile-last\" ><\/div><div id=\"pgc-2-1-2\"  class=\"panel-grid-cell panel-grid-cell-empty\" ><\/div><\/div><div id=\"pg-2-2\"  class=\"panel-grid panel-no-style\" ><div id=\"pgc-2-2-0\"  class=\"panel-grid-cell panel-grid-cell-empty\" ><\/div><\/div><div id=\"pg-2-3\"  class=\"panel-grid panel-no-style\" ><div id=\"pgc-2-3-0\"  class=\"panel-grid-cell\" ><div id=\"panel-2-3-0-0\" class=\"so-panel widget widget_sow-editor panel-first-child panel-last-child\" data-index=\"0\" ><div class=\"so-widget-sow-editor so-widget-sow-editor-base\">\n<div class=\"siteorigin-widget-tinymce textwidget\">\n\t<p style=\"text-align: center;\"><strong>Liebe G\u00e4ste und Freunde des Lacher Stalls,<\/strong><\/p>\n<p style=\"text-align: center;\"><strong>Wir freuen uns, Sie in unserem Kaminzimmer, dem gem\u00fctlichen Ofenzimmer im Wintergarten<br \/>\noder drau\u00dfen in unserem Biergarten unter der gro\u00dfen Kastanie begr\u00fc\u00dfen zu d\u00fcrfen.<\/strong><br \/>\n<strong>Wir bieten Ihnen eine deutsche und italienische K\u00fcche mit feinen Vorspeisen, Salaten, Fleischgerichten,vegetarischen Speisen und Dessert-Variationen.<\/strong><br \/>\n<strong>An den Wochenenden k\u00f6nnen Sie unsere aktuellen zus\u00e4tzlichen Men\u00fc Vorschl\u00e4ge genie\u00dfen.<\/strong><br \/>\n<strong>Wir w\u00fcnschen Ihnen entspannte Stunden bei gem\u00fctlicher Atmosph\u00e4re.<\/strong><\/p>\n<p style=\"text-align: center;\"><strong>Ihr Team vom Lacher Stall<\/strong><\/p>\n<p style=\"text-align: center;\">\n<\/div>\n<\/div><\/div><\/div><\/div><div id=\"pg-2-4\"  class=\"panel-grid panel-no-style\" ><div id=\"pgc-2-4-0\"  class=\"panel-grid-cell panel-grid-cell-empty panel-grid-cell-mobile-last\" ><\/div><div id=\"pgc-2-4-1\"  class=\"panel-grid-cell panel-grid-cell-empty\" ><\/div><\/div><div id=\"pg-2-5\"  class=\"panel-grid panel-no-style\" ><div id=\"pgc-2-5-0\"  class=\"panel-grid-cell panel-grid-cell-empty\" ><\/div><div id=\"pgc-2-5-1\"  class=\"panel-grid-cell panel-grid-cell-empty\" ><\/div><div id=\"pgc-2-5-2\"  class=\"panel-grid-cell panel-grid-cell-empty panel-grid-cell-mobile-last\" ><\/div><div id=\"pgc-2-5-3\"  class=\"panel-grid-cell panel-grid-cell-empty\" ><\/div><\/div><div id=\"pg-2-6\"  class=\"panel-grid panel-no-style\" ><div id=\"pgc-2-6-0\"  class=\"panel-grid-cell panel-grid-cell-empty\" ><\/div><div id=\"pgc-2-6-1\"  class=\"panel-grid-cell panel-grid-cell-empty panel-grid-cell-mobile-last\" ><\/div><div id=\"pgc-2-6-2\"  class=\"panel-grid-cell panel-grid-cell-empty\" ><\/div><\/div><div id=\"pg-2-7\"  class=\"panel-grid panel-no-style\" ><div id=\"pgc-2-7-0\"  class=\"panel-grid-cell\" ><div id=\"panel-2-7-0-0\" class=\"so-panel widget widget_text panel-first-child panel-last-child\" data-index=\"1\" ><h3 class=\"widget-title\">Zus\u00e4tzlich zu unserer Speisekarte genie\u00dfen Sie vom 24. bis zum 26. April 2026:<\/h3>\t\t\t<div class=\"textwidget\"><\/div>\n\t\t<\/div><\/div><\/div><div id=\"pg-2-8\"  class=\"panel-grid panel-no-style\" ><div id=\"pgc-2-8-0\"  class=\"panel-grid-cell\" ><div id=\"panel-2-8-0-0\" class=\"so-panel widget widget_media_image panel-first-child panel-last-child\" data-index=\"2\" ><img width=\"225\" height=\"300\" src=\"https:\/\/lacherstall.de\/cms\/wp-content\/uploads\/2026\/04\/WhatsApp-Image-2026-04-24-at-13.46.53-225x300.jpeg\" class=\"image wp-image-18440  attachment-medium size-medium\" alt=\"\" loading=\"lazy\" style=\"max-width: 100%; height: auto;\" srcset=\"https:\/\/lacherstall.de\/cms\/wp-content\/uploads\/2026\/04\/WhatsApp-Image-2026-04-24-at-13.46.53-225x300.jpeg 225w, https:\/\/lacherstall.de\/cms\/wp-content\/uploads\/2026\/04\/WhatsApp-Image-2026-04-24-at-13.46.53-768x1024.jpeg 768w, https:\/\/lacherstall.de\/cms\/wp-content\/uploads\/2026\/04\/WhatsApp-Image-2026-04-24-at-13.46.53-1152x1536.jpeg 1152w, https:\/\/lacherstall.de\/cms\/wp-content\/uploads\/2026\/04\/WhatsApp-Image-2026-04-24-at-13.46.53.jpeg 1530w\" sizes=\"(max-width: 225px) 100vw, 225px\" \/><\/div><\/div><div id=\"pgc-2-8-1\"  class=\"panel-grid-cell panel-grid-cell-mobile-last\" ><div id=\"panel-2-8-1-0\" class=\"so-panel widget widget_media_image panel-first-child panel-last-child\" data-index=\"3\" ><img width=\"225\" height=\"300\" src=\"https:\/\/lacherstall.de\/cms\/wp-content\/uploads\/2026\/04\/WhatsApp-Image-2026-04-24-at-13.47.20-225x300.jpeg\" class=\"image wp-image-18441  attachment-medium size-medium\" alt=\"\" loading=\"lazy\" style=\"max-width: 100%; height: auto;\" srcset=\"https:\/\/lacherstall.de\/cms\/wp-content\/uploads\/2026\/04\/WhatsApp-Image-2026-04-24-at-13.47.20-225x300.jpeg 225w, https:\/\/lacherstall.de\/cms\/wp-content\/uploads\/2026\/04\/WhatsApp-Image-2026-04-24-at-13.47.20-768x1024.jpeg 768w, https:\/\/lacherstall.de\/cms\/wp-content\/uploads\/2026\/04\/WhatsApp-Image-2026-04-24-at-13.47.20-1152x1536.jpeg 1152w, https:\/\/lacherstall.de\/cms\/wp-content\/uploads\/2026\/04\/WhatsApp-Image-2026-04-24-at-13.47.20.jpeg 1530w\" sizes=\"(max-width: 225px) 100vw, 225px\" \/><\/div><\/div><div id=\"pgc-2-8-2\"  class=\"panel-grid-cell panel-grid-cell-empty\" ><\/div><\/div><div id=\"pg-2-9\"  class=\"panel-grid panel-no-style\" ><div id=\"pgc-2-9-0\"  class=\"panel-grid-cell panel-grid-cell-empty\" ><\/div><\/div><div id=\"pg-2-10\"  class=\"panel-grid panel-no-style\" ><div id=\"pgc-2-10-0\"  class=\"panel-grid-cell panel-grid-cell-empty\" ><\/div><div id=\"pgc-2-10-1\"  class=\"panel-grid-cell panel-grid-cell-empty panel-grid-cell-mobile-last\" ><\/div><div id=\"pgc-2-10-2\"  class=\"panel-grid-cell panel-grid-cell-empty\" ><\/div><\/div><div id=\"pg-2-11\"  class=\"panel-grid panel-no-style\" ><div id=\"pgc-2-11-0\"  class=\"panel-grid-cell panel-grid-cell-empty panel-grid-cell-mobile-last\" ><\/div><div id=\"pgc-2-11-1\"  class=\"panel-grid-cell panel-grid-cell-empty\" ><\/div><\/div><div id=\"pg-2-12\"  class=\"panel-grid panel-no-style\" ><div id=\"pgc-2-12-0\"  class=\"panel-grid-cell\" ><div id=\"panel-2-12-0-0\" class=\"so-panel widget widget_media_image panel-first-child panel-last-child\" data-index=\"4\" ><img width=\"225\" height=\"300\" src=\"https:\/\/lacherstall.de\/cms\/wp-content\/uploads\/2023\/08\/nse-8566611345202610610-e9658a44-084b-42b1-be84-b4c56c25514c-225x300.jpg\" class=\"image wp-image-8840  attachment-medium size-medium\" alt=\"\" loading=\"lazy\" style=\"max-width: 100%; height: auto;\" srcset=\"https:\/\/lacherstall.de\/cms\/wp-content\/uploads\/2023\/08\/nse-8566611345202610610-e9658a44-084b-42b1-be84-b4c56c25514c-225x300.jpg 225w, https:\/\/lacherstall.de\/cms\/wp-content\/uploads\/2023\/08\/nse-8566611345202610610-e9658a44-084b-42b1-be84-b4c56c25514c-768x1024.jpg 768w, https:\/\/lacherstall.de\/cms\/wp-content\/uploads\/2023\/08\/nse-8566611345202610610-e9658a44-084b-42b1-be84-b4c56c25514c-1152x1536.jpg 1152w, https:\/\/lacherstall.de\/cms\/wp-content\/uploads\/2023\/08\/nse-8566611345202610610-e9658a44-084b-42b1-be84-b4c56c25514c.jpg 1200w\" sizes=\"(max-width: 225px) 100vw, 225px\" \/><\/div><\/div><div id=\"pgc-2-12-1\"  class=\"panel-grid-cell\" ><div id=\"panel-2-12-1-0\" class=\"so-panel widget widget_media_image panel-first-child panel-last-child\" data-index=\"5\" ><img width=\"167\" height=\"300\" src=\"https:\/\/lacherstall.de\/cms\/wp-content\/uploads\/2023\/08\/nse-9103038526121168611-34985f9c-584a-4064-88df-fac1f9242ecc-167x300.jpg\" class=\"image wp-image-8841  attachment-medium size-medium\" alt=\"\" loading=\"lazy\" style=\"max-width: 100%; height: auto;\" srcset=\"https:\/\/lacherstall.de\/cms\/wp-content\/uploads\/2023\/08\/nse-9103038526121168611-34985f9c-584a-4064-88df-fac1f9242ecc-167x300.jpg 167w, https:\/\/lacherstall.de\/cms\/wp-content\/uploads\/2023\/08\/nse-9103038526121168611-34985f9c-584a-4064-88df-fac1f9242ecc-569x1024.jpg 569w, https:\/\/lacherstall.de\/cms\/wp-content\/uploads\/2023\/08\/nse-9103038526121168611-34985f9c-584a-4064-88df-fac1f9242ecc-768x1383.jpg 768w, https:\/\/lacherstall.de\/cms\/wp-content\/uploads\/2023\/08\/nse-9103038526121168611-34985f9c-584a-4064-88df-fac1f9242ecc-853x1536.jpg 853w, https:\/\/lacherstall.de\/cms\/wp-content\/uploads\/2023\/08\/nse-9103038526121168611-34985f9c-584a-4064-88df-fac1f9242ecc.jpg 888w\" sizes=\"(max-width: 167px) 100vw, 167px\" \/><\/div><\/div><div id=\"pgc-2-12-2\"  class=\"panel-grid-cell\" ><div id=\"panel-2-12-2-0\" class=\"so-panel widget widget_text panel-first-child panel-last-child\" data-index=\"6\" >\t\t\t<div class=\"textwidget\"><p><strong>Urkunde Empfohlenes Wanderlokal<\/strong><\/p>\n<p>Wir freuen uns ganz besonders \u00fcber diese Auszeichnung der Wanderfreunde &#8222;Vom Fels zum Meer&#8220;!<\/p>\n<p>Herzlichen Dank!<\/p>\n<\/div>\n\t\t<\/div><\/div><\/div><div id=\"pg-2-13\"  class=\"panel-grid panel-no-style\" ><div id=\"pgc-2-13-0\"  class=\"panel-grid-cell panel-grid-cell-empty\" ><\/div><\/div><div id=\"pg-2-14\"  class=\"panel-grid panel-no-style\" ><div id=\"pgc-2-14-0\"  class=\"panel-grid-cell panel-grid-cell-mobile-last\" ><div id=\"panel-2-14-0-0\" class=\"so-panel widget widget_kadence_about_with_image kadence_about_with_image panel-first-child panel-last-child\" data-index=\"7\" ><div class=\"kad_img_upload_widget kt-shape-type-kt-image-shape-standard kt-image-align-left kt-image-widget-widget-14-0-0\"><div class=\"kt-image-contain kt-image-shadow-large_below kt-image-shape-standard\"><div class=\"kt-image-inner-contain\"><img width=\"612\" height=\"437\" src=\"https:\/\/lacherstall.de\/cms\/wp-content\/uploads\/2022\/03\/WhatsApp-Image-2022-03-10-at-14.15.00.jpeg\" class=\"attachment-full size-full\" alt=\"\" loading=\"lazy\" srcset=\"https:\/\/lacherstall.de\/cms\/wp-content\/uploads\/2022\/03\/WhatsApp-Image-2022-03-10-at-14.15.00.jpeg 612w, https:\/\/lacherstall.de\/cms\/wp-content\/uploads\/2022\/03\/WhatsApp-Image-2022-03-10-at-14.15.00-300x214.jpeg 300w\" sizes=\"(max-width: 612px) 100vw, 612px\" \/><\/div><\/div><\/div><\/div><\/div><div id=\"pgc-2-14-1\"  class=\"panel-grid-cell panel-grid-cell-empty\" ><\/div><\/div><div id=\"pg-2-15\"  class=\"panel-grid panel-no-style\" ><div id=\"pgc-2-15-0\"  class=\"panel-grid-cell\" ><div id=\"panel-2-15-0-0\" class=\"so-panel widget widget_sow-editor panel-first-child panel-last-child\" data-index=\"8\" ><div class=\"so-widget-sow-editor so-widget-sow-editor-base\">\n<div class=\"siteorigin-widget-tinymce textwidget\">\n\t<p>Genie\u00dfen Sie unsere l\u00e4ndlich feine K\u00fcche mit <a href=\"https:\/\/lacherstall.de\/cms\/speisekarte\/\">regionalen und saisonalen Produkten<\/a>:<\/p>\n<p>\u21d2 ein leckeres Lacher Stall Steak<\/p>\n<p>\u21d2 Schnitzelvariationen t\u00e4glich frisch<\/p>\n<p>\u21d2 Deutsche K\u00fcche und Italienische Spezialit\u00e4ten<\/p>\n<p>\u21d2 ein Glas Wein zu zweit am Kamin<\/p>\n<p>\u21d2 hausgemachte s\u00fc\u00dfe Nachspeisen wie Tiramisu oder Mousse au chocolat<\/p>\n<p>\u21d2 verschiedene Nudel Spezialit\u00e4ten, auf Nachfrage auch glutenfrei<\/p>\n<p>und vieles mehr! <a href=\"https:\/\/lacherstall.de\/cms\/speisekarte\/\">Zur Speisekarte ...<\/a><\/p>\n<\/div>\n<\/div><\/div><\/div><div id=\"pgc-2-15-1\"  class=\"panel-grid-cell\" ><div id=\"panel-2-15-1-0\" class=\"so-panel widget widget_kadence_about_with_image kadence_about_with_image panel-first-child panel-last-child\" data-index=\"9\" ><div class=\"kad_img_upload_widget kt-shape-type-kt-image-shape-standard kt-image-align-left kt-image-widget-widget-15-1-0\"><div class=\"kt-image-contain kt-image-shadow-large_below kt-image-shape-standard\"><div class=\"kt-image-inner-contain\"><img width=\"640\" height=\"456\" src=\"https:\/\/lacherstall.de\/cms\/wp-content\/uploads\/2021\/05\/624_WhatsApp-Image-2021-05-19-at-10.38.31.jpeg\" class=\"attachment-full size-full\" alt=\"\" loading=\"lazy\" srcset=\"https:\/\/lacherstall.de\/cms\/wp-content\/uploads\/2021\/05\/624_WhatsApp-Image-2021-05-19-at-10.38.31.jpeg 640w, https:\/\/lacherstall.de\/cms\/wp-content\/uploads\/2021\/05\/624_WhatsApp-Image-2021-05-19-at-10.38.31-300x214.jpeg 300w\" sizes=\"(max-width: 640px) 100vw, 640px\" \/><\/div><\/div><\/div><\/div><\/div><\/div><div id=\"pg-2-16\"  class=\"panel-grid panel-no-style\" ><div id=\"pgc-2-16-0\"  class=\"panel-grid-cell\" ><div id=\"panel-2-16-0-0\" class=\"so-panel widget widget_sow-editor panel-first-child panel-last-child\" data-index=\"10\" ><div class=\"so-widget-sow-editor so-widget-sow-editor-base\">\n<div class=\"siteorigin-widget-tinymce textwidget\">\n\t<p>&nbsp;<\/p>\n<p style=\"text-align: right;\">Ob <a href=\"https:\/\/lacherstall.de\/cms\/landgasthof\/\">Wanderer, Radfahrer, Biker, Reiter<\/a> oder Familien mit Kindern oder ihren Hunden\u2026<\/p>\n<p style=\"text-align: right;\">Sie sind alle herzlich Willkommen im Lacher Stall!<\/p>\n<p style=\"text-align: right;\">Wir freuen uns auf Ihren Besuch<\/p>\n<p style=\"text-align: right;\">Ihr Team vom Lacher Stall<\/p>\n<\/div>\n<\/div><\/div><\/div><div id=\"pgc-2-16-1\"  class=\"panel-grid-cell\" ><div id=\"panel-2-16-1-0\" class=\"so-panel widget widget_kadence_about_with_image kadence_about_with_image panel-first-child panel-last-child\" data-index=\"11\" ><div class=\"kad_img_upload_widget kt-shape-type-kt-image-shape-standard kt-image-align-left kt-image-widget-widget-16-1-0\"><div class=\"kt-image-contain kt-image-shadow-large_below kt-image-shape-standard\"><div class=\"kt-image-inner-contain\"><img width=\"624\" height=\"416\" src=\"https:\/\/lacherstall.de\/cms\/wp-content\/uploads\/2019\/05\/bg-624.jpg\" class=\"attachment-full size-full\" alt=\"Landgasthof Lacher Stall\" loading=\"lazy\" srcset=\"https:\/\/lacherstall.de\/cms\/wp-content\/uploads\/2019\/05\/bg-624.jpg 624w, https:\/\/lacherstall.de\/cms\/wp-content\/uploads\/2019\/05\/bg-624-300x200.jpg 300w, https:\/\/lacherstall.de\/cms\/wp-content\/uploads\/2019\/05\/bg-624-600x400.jpg 600w, https:\/\/lacherstall.de\/cms\/wp-content\/uploads\/2019\/05\/bg-624-272x182.jpg 272w\" sizes=\"(max-width: 624px) 100vw, 624px\" \/><\/div><\/div><\/div><\/div><\/div><\/div><div id=\"pg-2-17\"  class=\"panel-grid panel-no-style\" ><div id=\"pgc-2-17-0\"  class=\"panel-grid-cell panel-grid-cell-empty panel-grid-cell-mobile-last\" ><\/div><div id=\"pgc-2-17-1\"  class=\"panel-grid-cell panel-grid-cell-empty\" ><\/div><\/div><\/div><span class=\"kt-load-after-post\"><\/span>","protected":false},"excerpt":{"rendered":"<p>Liebe G\u00e4ste und Freunde des Lacher Stalls, Wir freuen uns, Sie in unserem Kaminzimmer, dem gem\u00fctlichen Ofenzimmer im Wintergarten oder drau\u00dfen in unserem Biergarten unter der gro\u00dfen Kastanie begr\u00fc\u00dfen zu d\u00fcrfen. Wir bieten Ihnen eine deutsche und italienische K\u00fcche mit &hellip; <a class=\"kt-excerpt-readmore more-link\" href=\"https:\/\/lacherstall.de\/cms\/\" aria-label=\"Landgasthof\">Read More<\/a><\/p>\n","protected":false},"author":1,"featured_media":0,"parent":0,"menu_order":0,"comment_status":"open","ping_status":"open","template":"","meta":[],"yoast_head":"<!-- This site is optimized with the Yoast SEO plugin v16.8 - https:\/\/yoast.com\/wordpress\/plugins\/seo\/ -->\n<title>Landgasthof - Lacher Stall \/ Ro\u00dfbach Wied<\/title>\n<meta name=\"description\" content=\"Willkommen im Lacher Stall in Rossbach an der Wied! Sie finden unseren Landgasthof in einem ruhigen Seitental direkt neben dem Wiedtal im Westerwald.\" \/>\n<meta name=\"robots\" content=\"index, follow, max-snippet:-1, max-image-preview:large, max-video-preview:-1\" \/>\n<link rel=\"canonical\" href=\"https:\/\/lacherstall.de\/cms\/\" \/>\n<meta property=\"og:locale\" content=\"de_DE\" \/>\n<meta property=\"og:type\" content=\"article\" \/>\n<meta property=\"og:title\" content=\"Landgasthof - Lacher Stall \/ Ro\u00dfbach Wied\" \/>\n<meta property=\"og:description\" content=\"Willkommen im Lacher Stall in Rossbach an der Wied! Sie finden unseren Landgasthof in einem ruhigen Seitental direkt neben dem Wiedtal im Westerwald.\" \/>\n<meta property=\"og:url\" content=\"https:\/\/lacherstall.de\/cms\/\" \/>\n<meta property=\"og:site_name\" content=\"Lacher Stall \/ Ro\u00dfbach Wied\" \/>\n<meta property=\"article:modified_time\" content=\"2026-04-24T11:59:53+00:00\" \/>\n<meta name=\"twitter:card\" content=\"summary_large_image\" \/>\n<meta name=\"twitter:label1\" content=\"Gesch\u00e4tzte Lesezeit\" \/>\n\t<meta name=\"twitter:data1\" content=\"1\u00a0Minute\" \/>\n<script type=\"application\/ld+json\" class=\"yoast-schema-graph\">{\"@context\":\"https:\/\/schema.org\",\"@graph\":[{\"@type\":\"Organization\",\"@id\":\"https:\/\/lacherstall.de\/cms\/#organization\",\"name\":\"Lacher Stall Ro\\u00dfbach Wied\",\"url\":\"https:\/\/lacherstall.de\/cms\/\",\"sameAs\":[],\"logo\":{\"@type\":\"ImageObject\",\"@id\":\"https:\/\/lacherstall.de\/cms\/#logo\",\"inLanguage\":\"de\",\"url\":\"https:\/\/lacherstall.de\/cms\/wp-content\/uploads\/2019\/05\/logo_lacher-stall_oben-mitte.jpg\",\"contentUrl\":\"https:\/\/lacherstall.de\/cms\/wp-content\/uploads\/2019\/05\/logo_lacher-stall_oben-mitte.jpg\",\"width\":846,\"height\":445,\"caption\":\"Lacher Stall Ro\\u00dfbach Wied\"},\"image\":{\"@id\":\"https:\/\/lacherstall.de\/cms\/#logo\"}},{\"@type\":\"WebSite\",\"@id\":\"https:\/\/lacherstall.de\/cms\/#website\",\"url\":\"https:\/\/lacherstall.de\/cms\/\",\"name\":\"Lacher Stall \/ Ro\\u00dfbach Wied\",\"description\":\"Landgasthof\",\"publisher\":{\"@id\":\"https:\/\/lacherstall.de\/cms\/#organization\"},\"potentialAction\":[{\"@type\":\"SearchAction\",\"target\":{\"@type\":\"EntryPoint\",\"urlTemplate\":\"https:\/\/lacherstall.de\/cms\/?s={search_term_string}\"},\"query-input\":\"required name=search_term_string\"}],\"inLanguage\":\"de\"},{\"@type\":\"WebPage\",\"@id\":\"https:\/\/lacherstall.de\/cms\/#webpage\",\"url\":\"https:\/\/lacherstall.de\/cms\/\",\"name\":\"Landgasthof - Lacher Stall \/ Ro\\u00dfbach Wied\",\"isPartOf\":{\"@id\":\"https:\/\/lacherstall.de\/cms\/#website\"},\"datePublished\":\"2015-05-07T05:24:08+00:00\",\"dateModified\":\"2026-04-24T11:59:53+00:00\",\"description\":\"Willkommen im Lacher Stall in Rossbach an der Wied! Sie finden unseren Landgasthof in einem ruhigen Seitental direkt neben dem Wiedtal im Westerwald.\",\"breadcrumb\":{\"@id\":\"https:\/\/lacherstall.de\/cms\/#breadcrumb\"},\"inLanguage\":\"de\",\"potentialAction\":[{\"@type\":\"ReadAction\",\"target\":[\"https:\/\/lacherstall.de\/cms\/\"]}]},{\"@type\":\"BreadcrumbList\",\"@id\":\"https:\/\/lacherstall.de\/cms\/#breadcrumb\",\"itemListElement\":[{\"@type\":\"ListItem\",\"position\":1,\"name\":\"Startseite\",\"item\":\"https:\/\/lacherstall.de\/cms\/\"},{\"@type\":\"ListItem\",\"position\":2,\"name\":\"Landgasthof\"}]}]}<\/script>\n<!-- \/ Yoast SEO plugin. -->","yoast_head_json":{"title":"Landgasthof - Lacher Stall \/ Ro\u00dfbach Wied","description":"Willkommen im Lacher Stall in Rossbach an der Wied! Sie finden unseren Landgasthof in einem ruhigen Seitental direkt neben dem Wiedtal im Westerwald.","robots":{"index":"index","follow":"follow","max-snippet":"max-snippet:-1","max-image-preview":"max-image-preview:large","max-video-preview":"max-video-preview:-1"},"canonical":"https:\/\/lacherstall.de\/cms\/","og_locale":"de_DE","og_type":"article","og_title":"Landgasthof - Lacher Stall \/ Ro\u00dfbach Wied","og_description":"Willkommen im Lacher Stall in Rossbach an der Wied! Sie finden unseren Landgasthof in einem ruhigen Seitental direkt neben dem Wiedtal im Westerwald.","og_url":"https:\/\/lacherstall.de\/cms\/","og_site_name":"Lacher Stall \/ Ro\u00dfbach Wied","article_modified_time":"2026-04-24T11:59:53+00:00","twitter_card":"summary_large_image","twitter_misc":{"Gesch\u00e4tzte Lesezeit":"1\u00a0Minute"},"schema":{"@context":"https:\/\/schema.org","@graph":[{"@type":"Organization","@id":"https:\/\/lacherstall.de\/cms\/#organization","name":"Lacher Stall Ro\u00dfbach Wied","url":"https:\/\/lacherstall.de\/cms\/","sameAs":[],"logo":{"@type":"ImageObject","@id":"https:\/\/lacherstall.de\/cms\/#logo","inLanguage":"de","url":"https:\/\/lacherstall.de\/cms\/wp-content\/uploads\/2019\/05\/logo_lacher-stall_oben-mitte.jpg","contentUrl":"https:\/\/lacherstall.de\/cms\/wp-content\/uploads\/2019\/05\/logo_lacher-stall_oben-mitte.jpg","width":846,"height":445,"caption":"Lacher Stall Ro\u00dfbach Wied"},"image":{"@id":"https:\/\/lacherstall.de\/cms\/#logo"}},{"@type":"WebSite","@id":"https:\/\/lacherstall.de\/cms\/#website","url":"https:\/\/lacherstall.de\/cms\/","name":"Lacher Stall \/ Ro\u00dfbach Wied","description":"Landgasthof","publisher":{"@id":"https:\/\/lacherstall.de\/cms\/#organization"},"potentialAction":[{"@type":"SearchAction","target":{"@type":"EntryPoint","urlTemplate":"https:\/\/lacherstall.de\/cms\/?s={search_term_string}"},"query-input":"required name=search_term_string"}],"inLanguage":"de"},{"@type":"WebPage","@id":"https:\/\/lacherstall.de\/cms\/#webpage","url":"https:\/\/lacherstall.de\/cms\/","name":"Landgasthof - Lacher Stall \/ Ro\u00dfbach Wied","isPartOf":{"@id":"https:\/\/lacherstall.de\/cms\/#website"},"datePublished":"2015-05-07T05:24:08+00:00","dateModified":"2026-04-24T11:59:53+00:00","description":"Willkommen im Lacher Stall in Rossbach an der Wied! Sie finden unseren Landgasthof in einem ruhigen Seitental direkt neben dem Wiedtal im Westerwald.","breadcrumb":{"@id":"https:\/\/lacherstall.de\/cms\/#breadcrumb"},"inLanguage":"de","potentialAction":[{"@type":"ReadAction","target":["https:\/\/lacherstall.de\/cms\/"]}]},{"@type":"BreadcrumbList","@id":"https:\/\/lacherstall.de\/cms\/#breadcrumb","itemListElement":[{"@type":"ListItem","position":1,"name":"Startseite","item":"https:\/\/lacherstall.de\/cms\/"},{"@type":"ListItem","position":2,"name":"Landgasthof"}]}]}},"_links":{"self":[{"href":"https:\/\/lacherstall.de\/cms\/wp-json\/wp\/v2\/pages\/2"}],"collection":[{"href":"https:\/\/lacherstall.de\/cms\/wp-json\/wp\/v2\/pages"}],"about":[{"href":"https:\/\/lacherstall.de\/cms\/wp-json\/wp\/v2\/types\/page"}],"author":[{"embeddable":true,"href":"https:\/\/lacherstall.de\/cms\/wp-json\/wp\/v2\/users\/1"}],"replies":[{"embeddable":true,"href":"https:\/\/lacherstall.de\/cms\/wp-json\/wp\/v2\/comments?post=2"}],"version-history":[{"count":1281,"href":"https:\/\/lacherstall.de\/cms\/wp-json\/wp\/v2\/pages\/2\/revisions"}],"predecessor-version":[{"id":18443,"href":"https:\/\/lacherstall.de\/cms\/wp-json\/wp\/v2\/pages\/2\/revisions\/18443"}],"wp:attachment":[{"href":"https:\/\/lacherstall.de\/cms\/wp-json\/wp\/v2\/media?parent=2"}],"curies":[{"name":"wp","href":"https:\/\/api.w.org\/{rel}","templated":true}]}}